16, what is -3 + -646f?
-6472
In base 11, what is -2a - 226?
-255
In base 12, what is 5 - 12632?
-12629
In base 16, what is -2 - -a0ef5?
a0ef3
In base 10, what is -817 + 305?
-512
In base 12, what is -4 - -a676?
a672
In base 7, what is 641335 - 14?
641321
In base 6, what is -11444201 - -5?
-11444152
In base 10, what is -1033444 - -1?
-1033443
In base 6, what is -3 - 2003533?
-2003540
In base 10, what is 1469 + 4?
1473
In base 7, what is -3200 - 20?
-3220
In base 2, what is -1000 + 100000100100110010001?
100000100100110001001
In base 15, what is -b - 143?
-14e
In base 10, what is 99 + -3662?
-3563
In base 4, what is -100322 + 1212303?
1111321
In base 12, what is -671a + 4?
-6716
In base 13, what is 0 + 2122?
2122
In base 13, what is -a - -178b?
1781
In base 3, what is 1020200 + -221212?
21211
In base 3, what is 211210 - 212?
210221
In base 6, what is 5 + -1120422?
-1120413
In base 12, what is -126386 - -2?
-126384
In base 3, what is -1011 + -1201100?
-1202111
In base 10, what is 54247 + -1?
54246
In base 11, what is 10186a - 2?
101868
In base 13, what is 10526 + 13?
10539
In base 12, what is -14969b - 17?
-1496b6
In base 4, what is 2320 - -13233?
22213
In base 10, what is -64 - 269?
-333
In base 4, what is 21 - 1311101123?
-1311101102
In base 4, what is -31312 - -133?
-31113
In base 8, what is -5 + 10760?
10753
In base 6, what is -35353 + -45?
-35442
In base 8, what is 63361 - 2?
63357
In base 16, what is -dfc8 - 0?
-dfc8
In base 2, what is -1010110101010000001 - 10?
-1010110101010000011
In base 2, what is -100110 - 10100010101?
-10100111011
In base 13, what is ac5 - 3?
ac2
In base 6, what is 335523 + -11?
335512
In base 4, what is -230 + -2031301?
-2032131
In base 4, what is 1 + -2012131?
-2012130
In base 7, what is -124 + 26606?
26452
In base 7, what is -106226 + -1?
-106230
In base 4, what is 23111201 - -2?
23111203
In base 4, what is 10233223221 + -11?
10233223210
In base 3, what is -10 + 120201022?
120201012
In base 7, what is 2100 - -21100?
23200
In base 10, what is -2 - 4345?
-4347
In base 4, what is -333 + 102122120?
102121121
In base 9, what is -11688 - 114?
-11813
In base 11, what is -4272013 - -5?
-4272009
In base 10, what is -84 + -4412?
-4496
In base 8, what is 161 + 5020?
5201
In base 4, what is 1313301 - 302?
1312333
In base 12, what is -58 + b42?
aa6
In base 3, what is 11212 + -210001110?
-202212121
In base 2, what is 1001 + -11010110001110000?
-11010110001100111
In base 9, what is 216012 + -2?
216010
In base 12, what is 199053 + -5?
19904a
In base 2, what is 1100101 - -111100101100?
111110010001
In base 2, what is 1110010011010010010 - 101?
1110010011010001101
In base 11, what is 0 - -14860?
14860
In base 10, what is 4833478 - 0?
4833478
In base 9, what is -60 - -143?
73
In base 6, what is -2 - -235405?
235403
In base 3, what is 10120010101121 - -1?
10120010101122
In base 3, what is 2 - -1001001222?
1001002001
In base 10, what is 0 - 725?
-725
In base 16, what is -5 + -2e8f?
-2e94
In base 2, what is 101011001 - -100110010010?
101011101011
In base 11, what is 5574 + 158?
5721
In base 5, what is 4202433 - -3?
4202441
In base 5, what is 132211304 - 3?
132211301
In base 6, what is -330 - -113314?
112544
In base 13, what is -16c5 + -b?
-1703
In base 8, what is 2220 + 5463?
7703
In base 10, what is 6379 + 277?
6656
In base 11, what is -233a3 + -2?
-233a5
In base 12, what is 15820 - -12?
15832
In base 2, what is -1011101001 + 100110?
-1011000011
In base 2, what is 10000 - 1000000001000010?
-1000000000110010
In base 15, what is 3 + -2536?
-2533
In base 2, what is -10000011 - 1101001001?
-1111001100
In base 5, what is -3414 - 43442?
-102411
In base 8, what is 10 + 22121?
22131
In base 5, what is -112 - -3104401?
3104234
In base 3, what is -12122220 - -2101?
-12120112
In base 12, what is -37a3 + 6?
-3799
In base 6, what is 113514 - 11?
113503
In base 5, what is 124 + -20114?
-14440
In base 9, what is 1550 - 268?
1271
In base 2, what is -11011001100000101 - 101?
-11011001100001010
In base 14, what is -189 + -b66?
-d11
In base 6, what is 52341 + 24?
52405
In base 16, what is -1e - 402?
-420
In base 4, what is -1 + 22203111?
22203110
In base 16, what is -2f + 3b1?
382
In base 3, what is 201122 - -21110?
1000002
In base 7, what is 5 - -5104512?
5104520
In base 2, what is -11 - 10001111100011010?
-10001111100011101
In base 10, what is -4799 - 4?
-4803
In base 3, what is 10 + -2121000011?
-2121000001
In base 10, what is -122328 - -8?
-122320
In base 5, what is 11230 - -10000?
21230
In base 15, what is 18 - -1e54c?
1e565
In base 7, what is 3 - 523310?
-523304
In base 5, what is -133030 - -44?
-132431
In base 7, what is -1504 - -24253?
22446
In base 3, what is 221112 + 2212112?
10211001
In base 13, what is -1897 - 80?
-1947
In base 15, what is 26aa3 + 0?
26aa3
In base 12, what is 3653 + 3?
3656
In base 6, what is -11222 + -4100?
-15322
In base 15, what is 4ac3b - 4?
4ac37
In base 15, what is 25 + baa9?
bace
In base 5, what is -23 - 100402?
-100430
In base 14, what is -36 + 15b1?
1579
In base 15, what is 97 - -133c?
13d4
In base 12, what is -15 - -2062?
2049
In base 10, what is -371874 + 6?
-371868
In base 4, what is 1201022 + -11312?
1123110
In base 7, what is 143104 - 36?
143035
In base 3, what is 11 + 210120221?
210121002
In base 9, what is 15 + -156?
-141
In base 11, what is -4 - 456a2?
-456a6
In base 4, what is -2 - 202000310?
-202000312
In base 7, what is -6640 + 4554?
-2053
In base 13, what is 596 - -112?
6a8
In base 14, what is -3da66 + -7?
-3da6d
In base 15, what is -2ceb + -2?
-2ced
In base 5, what is -104 - -34201?
34042
In base 8, what is 3 + -47226?
-47223
In base 16, what is -1caa - 6?
-1cb0
In base 10, what is -150795 - 8?
-150803
In base 14, what is -d - -a7b6?
a7a7
In base 4, what is 322303 + 122?
323031
In base 7, what is 13 - 52645?
-52632
In base 2, what is -1000000000 + 1110000?
-110010000
In base 4, what is -13211 + 11331?
-1220
In base 15, what is 1536 - 18c?
1399
In base 12, what is -4b4 - -12?
-4a2
In base 4, what is 230213 - -300?
231113
In base 16, what is 1c0 + 28?
1e8
In base 15, what is -c9a53 - 5?
-c9a58
In base 9, what is 580276 - -2?
580278
In base 14, what is 8c - 3326?
-3278
In base 15, what is 5 + 4d54c?
4d552
In base 15, what is -59adc + -3?
-59ae0
In base 6, what is 20543 - 3?
20540
In base 3, what is 101000010 - -11?
101000021
In base 2, what is -100010100101110000101 + 101?
-100010100101110000000
In base 9, what is 0 + -531331?
-531331
In base 2, what is 100 - 11010001100110?
-11010001100010
In base 15, what is 6 - 85e91?
-85e8a
In base 4, what is 22131 + 1223?
30020
In base 12, what is 3 + -658a25?
-658a22
In base 12, what is 533402 + 2?
533404
In base 6, what is 5 - 11441552?
-11441543
In base 8, what is 100 - -14770?
15070
In base 15, what is 7 - 6273?
-626b
In base 13, what is 29c - 26a?
32
In base 9, what is -4 + 4254?
4250
In base 8, what is 5 + -11153?
-11146
In base 7, what is 1 + 1052300?
1052301
In base 10, what is 55467 + -2?
55465
In base 7, what is 534 + 3451?
4315
In base 7, what is -23 + -435343?
-435366
In base 5, what is 3 + 2034442?
2040000
In base 13, what is 2 + 22bc1?
22bc3
In base 14, what is 29 - -1439a?
143c5
In base 9, what is 6 - -225858?
225865
In base 5, what is 240 - -111411?
112201
In base 15, what is d5 + -421?
-33b
In base 3, what is 211002 - 122?
210110
In base 16, what is 19ef - 4?
19eb
In base 5, what is -22102 - 1442?
-24044
In base 8, what is -17712675 - -2?
-17712673
In base 4, what is -220 + 232223?
232003
In base 8, what is -52 - -505?
433
In base 6, what is -2 - 1210452?
-1210454
In base 11, what is -7 - -3aa7?
3aa0
In base 5, what is 4044203 - -1?
4044204
In base 14, what is 9ccd - -6?
9cd5
In base 13, what is 9 + 1c11?
1c1a
In base 15, what is 2942d - 2?
2942b
In base 4, what is 22 - 103121212?
-103121130
In base 10, what is -331 - 49?
-380
In base 4, what is -102011 + -11?
-102022
In base 8, what is -5 - -30514?
30507
In base 11, what is 3928 - 26?
3902
In base 14, what is 41 + -1b03?
-1aa2
In base 16, what is 24 - 7d5?
-7b1
In base 10, what is 280 - 565?
-285
In base 4, what is 2 - 211132?
-211130
In base 11, what is -447 - -77?
-380
In base 4, what is 1 - 123212130?
-123212123
In base 4, what is -313 - 1311220?
-1312133
In base 16, what is -11187 - -15?
-11